atest common factor of t and f.
2
Suppose 5*s - 155 = -2*h + 33, -2*s - 160 = -2*h. What is the highest common factor of h and 12?
12
Suppose -x - x = -24. Let q = x - 6. What is the greatest common factor of q and 3?
3
Suppose j + 10 = p, p - j = 3*p - 8. Calculate the greatest common divisor of 8 and p.
2
Let z = -82 - -137. Suppose 0 = 2*m - 5*m + 66. What is the greatest common factor of z and m?
11
Let a(q) = q**3 - 3*q**2 + 4*q - 4. Let d be a(4). What is the greatest common divisor of d and 7?
7
Let g(t) = 2*t**2 + 5*t - 4. Suppose -4*x + 0*a = -2*a + 24, -5*x - 24 = -a. Let m be g(x). Calculate the greatest common factor of 56 and m.
8
Suppose 2*w + 30 = 7*w. Let d = -15 - -45. Calculate the greatest common factor of d and w.
6
Let s = -118 + 121. What is the highest common divisor of 33 and s?
3
Let c be 64/10 + (-6)/15. Suppose -3*h + c = -6*h. Let l be h/11 - 200/(-11). Calculate the greatest common factor of l and 45.
9
Let a(o) = 4*o**3 - 4*o**2 + 2*o + 2. Let i be a(3). Suppose -3*r + i = -52. Let f = 7 + -3. Calculate the highest common divisor of f and r.
4
Suppose 2*q - 17 = -5. What is the greatest common factor of 66 and q?
6
Let w = -7 - -4. Let u be 21/(-9)*w/1. Calculate the greatest common factor of 14 and u.
7
Let h be (-13)/(-1) + 0 + -3. What is the highest common divisor of 30 and h?
10
Suppose 0*i + 5*i = 30. Suppose t + 3*z - 3 = 0, -z = 2*t - 0*z + 9. Let p be t/(4/6*-3). Calculate the greatest common divisor of p and i.
3
Let i be (-2 + -1)/(12/(-8)). Let x(t) = t + t**2 + 1 + 0*t**2 - t**i + t**2. Let m be x(-4). What is the greatest common factor of 13 and m?
13
Suppose 0 = -2*m + 36. Suppose -l - 2*f + 24 = 0, 0*l + 5*f - m = -l. What is the highest common divisor of l and 4?
4
Suppose -36 = -c - 188. Let b = -77 - c. Let a = -38 + 53. What is the greatest common divisor of a and b?
15
Suppose 4*r = -r + 20. Let k be 0 - r/((-4)/21). Suppose 22*m = 19*m + 189. Calculate the greatest common divisor of k and m.
21
Let u = 1 - -1. Suppose -3*q = u*m - 134, -46 = 3*q + 3*m - 181. What is the greatest common factor of q and 110?
22
Let d(i) = -i**3 - 6*i**2 + 7*i + 3. Let a be d(-7). Suppose o = 5*t, 2*t + a*o - 17 = -0*t. What is the highest common divisor of t and 9?
1
Let b = -4 + 23. Let m = 59 - b. Calculate the highest common factor of m and 10.
10
Suppose -8*o + 87 = -5*o. What is the highest common factor of o and 58?
29
Let b be -9*-1*(-8)/(-2). Calculate the highest common factor of b and 12.
12
Suppose 4*m - 3 - 2 = -5*q, -3*m = 3*q - 3. Suppose h - 37 + q = 0. What is the greatest common factor of 9 and h?
9
Let d = 42 + -6. Calculate the greatest common factor of 27 and d.
9
Let u = -23 - -33. Suppose 3 = -4*n + 11. Suppose n*i + 120 = 6*i. What is the highest common divisor of u and i?
10
Let p be 0/1 + 8/2. Suppose p*t - f = -6*f + 201, -5*t - 3*f = -248. Calculate the highest common divisor of 7 and t.
7
Let g(s) = s**3 - s**2 + s - 1. Let v be g(0). Let n(k) = -31*k**3 + 2*k**2 + k. Let c be n(v). What is the highest common factor of c and 64?
32
Let s = 6 + -3. Suppose s*h - 19 = -f, -4*h = -2*f - 2*f + 60. What is the greatest common divisor of f and 16?
16
Let u be (-61 + 1)*1/(-2). Let z be 2/6 - 116/(-12). Calculate the highest common factor of z and u.
10
Suppose 0 = -4*y - 3*p - 33, -4*p - 42 = 2*y + 3*y. Let q be 78/(y/2) - -3. Let j = -5 - q. What is the highest common factor of 6 and j?
6
Let p be 7 - (1 - -4 - 1). Calculate the highest common divisor of p and 6.
3
Let s = 104 - 64. Let q be (s/12)/2*33. What is the greatest common divisor of q and 22?
11
Suppose 35 = 4*t - 85. What is the highest common factor of t and 60?
30
Suppose 6 = -j + 4*x, 0 = 2*j - x - 3*x. Suppose -9*d + 330 = 2*d. What is the greatest common divisor of d and j?
6
Let y(t) = -9*t. Suppose i + 5*l = 15 - 1, -3*i - 4*l = -9. Let z be y(i). Let n be (-8)/28 + 317/7. What is the greatest common divisor of z and n?
9
Suppose 2*z = 2 - 0. What is the greatest common factor of 1 and z?
1
Let v(j) = -j**2 + 16*j. Let r be v(11). Calculate the highest common factor of r and 5.
5
Let m(h) = h**2 + 8*h + 9. Let b be m(-7). Let k = b + 1. Let z = k + 0. What is the highest common divisor of 24 and z?
3
Let p(o) = -32*o - 2. Let u be p(-1). Suppose -u = -2*n - 2. What is the greatest common divisor of n and 56?
14
Let b = -31 - -48. What is the highest common factor of b and 68?
17
Suppose 2*h - 26 = -j, 6*h - 60 = 2*h + 2*j. Let d be (40 + 2)*16/6. What is the highest common divisor of h and d?
14
Let a(m) = m + 3. Let x be a(-3). Suppose -l = -h - 0*h, -2*h - 8 = x. Let u(k) = -3*k. Let c be u(l). Calculate the greatest common divisor of 30 and c.
6
Let d(n) = -n + 10. Let u be d(-12). What is the greatest common factor of u and 22?
22
Suppose 4*z + 14 = 2, -m - 6 = -z. Let p be 4*2 - (m + 11). Let x(i) = i**2 - 2*i - 6. Let n be x(6). What is the greatest common factor of n and p?
6
Let q be (-2 - (2 - 3)) + 48. Let m be (1 + q)/(-2) + 3. Let n be 58/7 + 6/m. Calculate the highest common factor of n and 8.
8
Let w be (-1)/3*(10 + -13). Let v be ((-10)/(-14) - w)*-7. Let a(d) = 14*d**3 - d**2 + 1. Let m be a(1). Calculate the highest common factor of v and m.
2
Let k(n) = -n - 15. Let y be k(-17). Suppose -4*b + 48 = 16. What is the highest common factor of b and y?
2
Let j(u) = u**3 + 8*u**2 - 5*u - 15. Let k be j(-5). What is the greatest common divisor of k and 17?
17
Let s be 2 - 6/1 - -102. Calculate the highest common divisor of 14 and s.
14
Suppose 3*h = -0*h - 21. Let j be (-396)/(-14) - (-2)/h. What is the greatest common factor of j and 42?
14
Let b be 6/48 + 71/8. What is the greatest common divisor of 81 and b?
9
Let p = -29 - -42. Let b(k) = -2*k**3 + k**2 - k. Let s be b(1). Let a be 4/s*p/(-2). What is the highest common divisor of a and 91?
13
Suppose 3*c = -2 - 4, -4*c - 184 = -p. Calculate the highest common divisor of 22 and p.
22
Let r = -4 + 5. Let y(l) = 19*l**3 + l**2. Let q be y(r). Let w = -14 - -22. Calculate the highest common factor of q and w.
4
Let c = 0 + 1. Suppose -9*u + 11*u = 22. What is the highest common divisor of c and u?
1
Let c(v) = v**3 - v**2 + v + 10. Let p be c(0). What is the highest common divisor of p and 170?
10
Let h be -1*(0 - 0 - -2). Let z(b) be the second derivative of b**4/3 + b**3/2 + b**2/2 - 5*b. Let q be z(h). Calculate the highest common factor of 1 and q.
1
Let d = -8 + 32. What is the greatest common divisor of 96 and d?
24
Let q be (-2)/(-8)*((-205)/(-5) - 5). Let p = -13 + 22. What is the greatest common factor of p and q?
9
Let v(k) = -k**3 - 10*k**2 + 2. Let x be v(-10). Suppose 3 - 7 = -x*u. What is the greatest common divisor of 16 and u?
2
Let p(l) = l**3 + 8*l**2 + 9*l + 4. Let z be p(-7). Let d = 14 + z. What is the greatest common factor of d and 4?
4
Suppose -5*q = 2*k - 0*k - 30, -3*k + 59 = 4*q. Calculate the greatest common divisor of k and 175.
25
Let m(r) = -r**3 + 6*r**2 + 5. Let o be m(6). Suppose -2*a = -o*j + 61 + 205, 0 = 2*j - 4*a - 116. What is the highest common factor of j and 13?
13
Let z(m) = -6*m**3 + m**2 - 2*m - 1. Let i be z(-1). Let u(g) = -g + 23. Let v be u(i). Calculate the highest common factor of v and 5.
5
Let l(b) = 96*b + 6. Let t = 26 - 24. Let g be l(t). What is the greatest common divisor of 18 and g?
18
Suppose 0 = -5*q - 2*u + 122, -42 + 115 = 3*q + u. Calculate the highest common divisor of 8 and q.
8
Let a(g) = 2*g**2 - g + 6. Let u be a(6). Calculate the greatest common divisor of u and 48.
24
Suppose 0*k + 3*k = 54. What is the greatest common factor of 6 and k?
6
Let f be 2/7 - (-375)/35. Let l(a) = 25*a - 15. Let d be l(5). What is the greatest common factor of d and f?
11
Let t = 20 - 12. Suppose 0 = -t*s + 4*s + 36. Suppose 7*u + h = 4*u + 80, 107 = 4*u + h. What is the highest common factor of s and u?
9
Suppose 5*y = -5*t - 5, 4 - 9 = -y + t. Let s = y - 0. Suppose 6 = -s*q, -5*i + 5*q + 19 + 96 = 0. Calculate the greatest common divisor of i and 8.
4
Suppose 0 = 5*x - 21 + 6. Let a = -35 + 50. Calculate the highest common divisor of x and a.
3
Let m be 301/14 - 3/(-2). Suppose -59 = -2*n - m. Calculate the greatest common factor of 27 and n.
9
Suppose -3*v - 256 = -7*v. What is the greatest common div